(-11). What is the greatest common factor of b and 26?
13
Suppose -435*q + 421*q = -504. Calculate the greatest common factor of q and 24.
12
Suppose 2*f = 2*n - 240, -2*n + 4*n = 4*f + 242. Calculate the highest common factor of n and 7.
7
Suppose -1 = -h + 2. Suppose -h*s + 9 = -6. Suppose f - 15 - 3 = s*n, 5*f = 2*n + 44. Calculate the highest common divisor of 4 and f.
4
Suppose f + 4*f = 4*q - 36, 2*q = f + 18. Let d(r) = 6 + q - 18 + 5*r. Let a be d(1). Calculate the highest common divisor of a and 22.
2
Let r be (5 - 8)/(12/(-8)). Suppose -r*w = -18 - 6. What is the greatest common divisor of 60 and w?
12
Let k = 320 - 316. What is the highest common divisor of k and 12?
4
Let d(c) = 8*c - 3. Let a be d(2). Let z = 10 - a. Let v = 8 - z. What is the highest common divisor of v and 11?
11
Suppose -2*q + d + 67 - 4 = 0, -2*q - d + 65 = 0. Let p = -24 + q. Calculate the highest common divisor of 1 and p.
1
Let t = 1 + -7. Let g be ((-4)/t)/((-18)/81). Let q(p) = -p**3 + 4*p**2 + 3*p. Let f be q(g). Calculate the greatest common factor of f and 18.
18
Suppose 0 = -4*l + o - 5*o - 36, 5*l + 3*o = -47. Let n = 8 + l. Let z(q) = -q**3 + 2*q**2 + q. Let j be z(n). Calculate the greatest common factor of 84 and j.
14
Let x be 3/(595/(-616) - -1). Calculate the greatest common factor of 40 and x.
8
Let h be 4422/330 + (-6)/(-10). Let o(l) = -l**2 + 2*l + 3. Let w be o(3). Suppose w = 3*v - 71 + h. Calculate the highest common divisor of v and 57.
19
Suppose 2*v + f + 10 = 85, 140 = 4*v + 4*f. Suppose 5 - v = -b. Suppose 2*c - 4*d = -10, -3*c - 2*d + 0 = -25. What is the greatest common factor of c and b?
5
Let x = -213 + 268. What is the greatest common divisor of 99 and x?
11
Suppose 0 = -26*w + 15*w + 891. Calculate the greatest common divisor of w and 54.
27
Let v(k) = 1. Let m(c) = -2*c + 2. Let b(x) = m(x) - v(x). Let g be b(-5). What is the highest common factor of g and 1?
1
Let h = 1976 + -1251. What is the greatest common divisor of 100 and h?
25
Suppose 40 = 3*m + 2*m. Let c be 2*4/((-16)/(-6)). Suppose 0 = 2*i, i + c*i = 4*f - 256. Calculate the highest common factor of f and m.
8
Let l be ((-4)/(-8))/((-1)/(-50)). Let i be (0 - -132) + -26 + 19. What is the greatest common factor of l and i?
25
Suppose -4*b = -5*i - 89, -b - 41 = -2*b + 5*i. Suppose -21 = -t + 3*g, -4*t - 2*g - b = -5*t. What is the highest common divisor of 2 and t?
2
Let w be 6/69 - (-16120)/299. Calculate the highest common divisor of 108 and w.
54
Suppose -j - 6*p + 11*p = -33, 0 = 2*j + 3*p - 27. Suppose 3*v - a = 35, -5*v + 32 + 23 = -5*a. What is the highest common factor of j and v?
6
Let o be (250/(-35) - -2)/((-12)/42). Suppose -z + 1 + 5 = 0. Calculate the greatest common divisor of z and o.
6
Suppose 2*g - 3*i = 4*g - 584, -g + 298 = 3*i. Suppose -2*v - 5*x + 26 = -6, -5*v + 114 = 4*x. Calculate the greatest common factor of g and v.
26
Let l be (-2)/4*(-49 + 15). Suppose -13 = -d + 4*q, -l = -5*d - q + 6. Suppose 0 = 4*r - d*r + 5. Calculate the highest common divisor of r and 5.
5
Let x(u) = 2*u**3 - 2*u**2 - 6*u + 17. Let h be x(5). What is the greatest common divisor of 44 and h?
11
Suppose 0 = -65*d + 62*d + 228. Let w = d - -77. Calculate the highest common divisor of w and 17.
17
Suppose -4*o + 4 = 4*n, -n - 1 = -o - 0. Let x be 3*20/15 + -2*1. Suppose 3*z + 4 = 7*z + 2*t, -x = -2*z + 4*t. Calculate the greatest common factor of z and o.
1
Suppose -222 = -5*r + 4*d - d, 0 = 4*r + d - 164. Let j be (72/r)/(2/91). What is the highest common divisor of 52 and j?
26
Let a(t) = -2*t - 7. Let u be a(-5). Suppose -u*x = -23 - 4. Suppose -1368 = 10*l - 29*l. What is the greatest common divisor of l and x?
9
Let a = 17 - 26. Let u(b) = -b**2 - 10*b - 9. Let s be u(a). Suppose 2*w - 20 = 2*m, s = -5*w - 5*m + 48 + 2. What is the highest common divisor of w and 110?
10
Suppose 27*w - 12*w - 1755 = 0. Calculate the greatest common divisor of 90 and w.
9
Suppose -330 = -8*g - 10. Let x = 1 - -4. Suppose g = -0*t + x*t. What is the greatest common divisor of t and 8?
8
Let c = 1 - -15. Suppose -5*d - 5*l + 53 = -47, d + 5*l - 4 = 0. Calculate the greatest common divisor of d and c.
8
Let j(w) = 4*w**2 + 3*w. Let i be j(-2). Let o(a) = -a**2 - 10*a + 10. Let f be o(-8). Let n = f - i. Calculate the greatest common factor of n and 40.
8
Let m be (-7)/(0 + 0 + -1). Let w = 10 - 15. Let b be (-4 + (-2 - w))*-7. Calculate the greatest common factor of b and m.
7
Let j be (-1 - 3 - -2)*-35. Let n(u) = 2*u**2 + 15*u - 1. Let b = 72 + -80. Let z be n(b). What is the greatest common divisor of j and z?
7
Let i be (8/6 - 1)*69. Suppose -3*h + 4*h + 5*z = 4, 0 = 3*h + 4*z - i. Let p = h - 8. Calculate the highest common factor of 1 and p.
1
Suppose 0 = 3*q - 19 + 4, -5*w = 2*q + 2565. Let l be 1/(4 + w/130). Calculate the greatest common factor of 26 and l.
26
Let q(m) = 3*m**2 + 2*m. Let h be (9/36)/((-2)/(-8)). Suppose 5*s = -3*b + h, 2 = b + 5. Let d be q(s). What is the highest common divisor of 144 and d?
16
Let b(k) be the third derivative of k**6/20 - k**5/60 + k**4/24 + 6*k**2. Let w be b(1). What is the greatest common factor of 4 and w?
2
Let s(h) = -10*h + 100. Let i be s(6). Calculate the greatest common factor of 160 and i.
40
Suppose -2*h - 1273 = -5*z, z + 0*h = 4*h + 269. Let g(k) = -18*k - 373. Let j be g(-22). What is the greatest common divisor of j and z?
23
Suppose 4*a + 6 = 5*a. Suppose a = o + g + 5, 9 = 3*g. Let v be ((-154)/(-28))/(o/(-4)). Calculate the highest common divisor of v and 99.
11
Suppose 10*u - 34 = 46. Let n(x) = 3*x**2 + 14*x + 7. Let g be n(-7). What is the highest common divisor of u and g?
8
Let h be (-15)/(-9) - 2/(-6). Let q = 21 - 5. What is the highest common divisor of q and h?
2
Let c(p) = -p**3 + 9*p**2 + 13*p - 13. Let m be (0 + 1)/(14/140). Let w be c(m). Calculate the greatest common divisor of w and 85.
17
Let p be (10 - 7)/(0 + 1). Let o(n) = -3*n + 26. Let q be o(p). What is the greatest common factor of q and 1?
1
Let l be 7 + 0/(1*-2). Suppose 6 = q + 1. Suppose -q*v + 0 = -5, 0 = -5*u - 4*v + 9. Calculate the highest common factor of l and u.
1
Let l = 31 - 31. Suppose -2*h + 24 = -l*h + 2*s, 0 = -4*h + 3*s + 27. What is the highest common divisor of h and 81?
9
Suppose 5*k = -4*f + 161, -5*k = 5*f - 3*k - 197. Calculate the greatest common divisor of 52 and f.
13
Let k = -186 - -333. Suppose 5*p + k = 3*j, -j - 2*p = -2*j + 50. Let m be 0 + (10 - 1) + 2. What is the greatest common divisor of j and m?
11
Let s be (1/(-3))/(14/(-252)). Suppose -m = -s*m. Suppose 18 = 3*x - m*x. Calculate the highest common divisor of 18 and x.
6
Let a = 3419 + -2276. What is the highest common divisor of 9 and a?
9
Let z(d) = 10*d - 67. Let x be z(11). Calculate the highest common factor of 1 and x.
1
Let f(z) = -z**2 + 11*z - 8. Let d be f(3). Calculate the highest common factor of 176 and d.
16
Suppose 4*d + 306 = 21*d. Calculate the greatest common divisor of 2 and d.
2
Let a = 251 - 161. What is the greatest common factor of 144 and a?
18
Let l be 352/264*((-6)/(-1))/2. Calculate the highest common factor of l and 44.
4
Let x = 39 - 14. Suppose 11*y - x = 6*y. Calculate the highest common factor of y and 20.
5
Suppose 5*o + 28 = -f, -2*o = o + 12. Let u be (12/2)/((156/f)/(-13)). Calculate the greatest common divisor of 14 and u.
2
Suppose x - 129 = -5*p, -8*p - 12 = -4*p. What is the greatest common divisor of x and 12?
12
Suppose 7*h = 702 + 180. What is the greatest common divisor of h and 336?
42
Suppose -2*c = 5*q - 56, -q - 4*q = 3*c - 59. Suppose -2*s = -8 - 16. Suppose 0 = s*y - 14*y + 80. What is the greatest common factor of q and y?
10
Suppose -4*z - 3 = -i, i + 4*z - 11 = -0*z. Suppose 0 = -9*j + i*j - 10. Let v(u) = -3*u - 5. Let p be v(j). Calculate the greatest common factor of 90 and p.
10
Suppose -2*h = -4*b + 24, -3*b - 3*h = -3 - 6. Let i = b - -8. Let f = 28 - i. Calculate the greatest common factor of f and 5.
5
Let g be 68/(-12)*(-135)/5. Calculate the highest common factor of g and 9.
9
Let y = -19 + 19. Let m = y - -20. What is the highest common divisor of m and 100?
20
Let d(y) = -y**3 + 6*y**2 - 3*y + 1. Let n be d(5). What is the highest common divisor of 3 and n?
1
Let k be (-2 - -742)*-1*(-4)/1